**2 + 288*c + 0*c**2 - 1 + 3*c**3. What is n(2)?
11
Let w(d) = -13*d**2 + d. Let q(x) = -x**2 + 4*x + 1. Let i be q(3). Let r(j) = -j**2 + 3*j - 7. Let l be r(i). Let n be 36/(-44) + 2/l. What is w(n)?
-14
Suppose -58*t = -62*t + 8. Let v(p) = -2*p**3 + 0*p**2 + 3*p**2 + p + p - 6*p**t. What is v(2)?
-24
Let b(z) = -11*z**2 - 4*z + 6. Suppose 5*t = 2*h - 2, 3*h - 3 = -113*t + 109*t. Calculate b(h).
-9
Suppose 0 = -5*o - 5, -10 + 2 = -p + o. Suppose 4*n + 27 - p = 0. Let q(w) = -2069 - 23*w + 25*w + 3892 - 1816. Calculate q(n).
-3
Let u(p) = -p**2 - 2. Let c be ((-32)/6)/(((-24)/27)/(-8)). Let d = c - -42. Let n = d - -8. Give u(n).
-6
Let q be (0 - 20)/(-2)*2/(-4). Let f(j) = j**3 + 5*j**2 + 11. Let p be f(q). Let k(s) = -8 - 16 + 34 - p - s. Give k(-1).
0
Let b = -83 - -87. Suppose 3*p + h + 5 = 0, 17 - 1 = -b*p + h. Let s(f) = f - 1. Let c(o) = 4*o - 8. Let j(m) = -c(m) + 5*s(m). What is j(p)?
0
Let m(l) = -4*l**2 + 2*l**2 + 328*l - 81 + 82 - 338*l. Determine m(-5).
1
Let n(k) = k + 1. Let c(j) = -2*j**2. Suppose 3*l = -4*l. Suppose 3*q - 7 + 4 = l. Let d be c(q). What is n(d)?
-1
Let l be (0 + 1/3)/(1/12). Let x(i) = 8 + 14*i**2 - 10*i**2 - 3*i - 5*i**2 + 4*i - l*i. Give x(-8).
-32
Let v(s) = -9*s**3 - 3*s**2 + 1. Let l be -13*84/(-364)*2/6. Determine v(l).
-11
Let p(r) be the third derivative of r**5/60 - r**4/8 + 13*r**3/2 + 40*r**2. Let x(n) be the first derivative of p(n). Give x(-5).
-13
Let z(t) = 4*t - 47. Let u be 2*(21/(-2) + 7). Let r(o) = o - 15. Let g(n) = u*r(n) + 2*z(n). What is g(0)?
11
Let c(y) = -2*y + 17 - 3*y + 3. Let g(z) = -z**2 + 99*z - 1939. Let q be g(27). Calculate c(q).
-5
Let w(c) = 16*c**3 - 2*c - 1. Let q = 2364 + -2365. Calculate w(q).
-15
Let u be ((-92)/(-184))/(1/(-2)). Let l(b) be the first derivative of -2*b**4 - 2*b**3/3 - b**2 - b + 4. What is l(u)?
7
Let c(z) = 4*z - 15. Let f(d) = -10 - 2*d - 2 + 9 + 4. Let w(p) = c(p) + 3*f(p). What is w(-10)?
8
Let d(y) = y - 7. Suppose -2*w - 145 + 155 = 0. Suppose w*a + 4*j - 19 = 15, -5*j - 10 = a. What is d(a)?
3
Suppose 43*j - 45*j - 2*u = 2, -4 = 4*j - 4*u. Let w(i) = -3*i + 2. Let v(c) = -1. Let p(t) = 2*v(t) + w(t). Determine p(j).
3
Let m(w) = -2*w - 10. Let y be m(-5). Let l be (-23 - -20) + (-2 - y). Let a be -7 + (-3 - (l + -1))*1. Let n(d) = d + 4. Determine n(a).
0
Let y(s) = -14*s**2 + 96 + s**3 + 3*s**2 - 98. Let c be y(11). Let r(q) be the second derivative of q**4/6 - q**3/3 - q**2 + q. Determine r(c).
10
Let i(h) = -h**3 - h + 12. Suppose -22 = -2*w - 18. Suppose 4*c - w*s - 78 = 0, -5*c - 57 = -8*c + 3*s. Suppose 13*n - c*n = 0. Give i(n).
12
Let r(w) be the second derivative of w**6/120 + 2*w**5/15 + w**4/24 + 5*w**3/3 + 213*w**2/2 + 161*w. Let t(m) be the first derivative of r(m). What is t(-8)?
2
Let t(a) = 2*a**2 + 4*a - 1. Let b = -32 - 6. Let m = b + 89. Let g = m - 55. What is t(g)?
15
Let g(z) = 9 + 20*z**2 + 17*z**2 - 7*z - 39*z**2 + 18*z**2 - 19*z**2. Calculate g(2).
-17
Suppose 0 = -3*j + 5*z + 88, z + 1 + 67 = 3*j. Let c = 20 - j. Let y(t) be the first derivative of -t**3/3 - t**2/2 + t + 237. What is y(c)?
1
Let m(v) be the first derivative of -v**4/2 + 7*v**3/3 - 3*v**2/2 + 10*v + 1976. What is m(5)?
-80
Let i(h) = h**2. Let x(w) = 12*w**2 - 3*w - 1. Let l(f) = 4*i(f) - x(f). Let o be l(-1). Let z(b) = -b**3 - 10*b**2 - b - 13. Determine z(o).
-3
Let d(c) = -2*c + 27. Let o(y) = -2*y**2 - 58*y - 16. Let s(n) = -5*n**2 - 171*n - 47. Let r(a) = 11*o(a) - 4*s(a). Let i be r(23). Determine d(i).
3
Let z(l) = l + 12. Suppose -66 = 5*u - 2*r, 54 = 5*r + 14. Give z(u).
2
Let z(j) = -j**2 - 9*j - 21. Let f = 41054 - 41056. Give z(f).
-7
Let b(n) be the second derivative of -n**5/20 + 7*n**4/12 - 2*n**3/3 - 5*n**2/2 + 471*n. What is b(4)?
27
Let o(b) = b - 11. Let i = 311 - 308. Suppose i*l - 10*l = -9*l. Calculate o(l).
-11
Let g = 4013 - 4033. Let f(k) = -k**3 - 20*k**2 - 26. Calculate f(g).
-26
Let x(c) be the second derivative of -c**4/12 + 2*c**3/3 + 3*c**2/2 + c. Let h = -5596 + 5600. What is x(h)?
3
Let g(k) = -7*k**2 - 18*k - 1. Let c(z) = 46*z**2 + 107*z + 5. Let w(v) = 2*c(v) + 13*g(v). Determine w(19).
-22
Let n(a) be the second derivative of -3*a**2 + 1/20*a**5 - a + 15 - 1/3*a**4 - 1/2*a**3. Determine n(5).
4
Let u(w) = 3*w - w - 1 + 0*w**2 + w**2. Suppose -l + 11 = 9. Let j be (-30)/(-12) - (l + 20/(-8)). Give u(j).
14
Let i(p) be the first derivative of -p**4 - p**3/3 + p + 2. Let w be i(-1). Let l(z) = 9*z**2 + w*z**2 - 6 - 12*z**2. Determine l(-5).
19
Let b(c) be the third derivative of -c**8/10080 - c**7/1680 - c**6/720 + 13*c**5/10 + 91*c**2. Let w(s) be the third derivative of b(s). Determine w(-4).
-21
Let j be 3 - (9 - (-7 - -3)). Let n(a) = 97*a**2 + 9*a - 3. Let u(l) = -275*l**2 - 27*l + 9. Let s(c) = 17*n(c) + 6*u(c). Give s(j).
-7
Let w(q) = -171*q + 3252. Let o be w(19). Let a(x) be the first derivative of -7*x**2/2 - 3*x - 2. Give a(o).
-24
Let m(i) = i**3 - 7*i**2 - i + 5. Let y be (-15 - -3)/(18/(-12)). Suppose 36 = 4*w + y. Determine m(w).
-2
Let u(d) be the second derivative of -d**5/20 - 2*d**4/3 - 5*d**3/6 - d**2/2 + 44*d - 4. Suppose 5*h + 5*l + 12 = -8, 0 = 5*h + 3*l + 26. Calculate u(h).
-15
Let c(j) = -9*j - 461. Let w(a) = 5*a - 1. Let v(r) = 2*c(r) + 18*w(r). Give v(13).
-4
Let l(r) = -r - 10. Let y(q) = -q**2 + 4*q - 23. Let f(w) = -w - 1. Let m(u) = 3*f(u) - y(u). Let g be m(6). Suppose g*t + 38 + 74 = 0. What is l(t)?
-2
Suppose 8*d = 7*d - 3*x - 4, -2*d - 4*x - 2 = 0. Suppose -d*q + 12*q = 7. Let b(t) = 3*t**2 - t - 1. Give b(q).
1
Let i(w) be the third derivative of w**4/24 - w**3 + w**2 + 53*w - 18. Give i(18).
12
Let c(f) = -5*f - 9. Suppose 0 = -4*h + 20, -p - 4*h = -8 - 9. Let r(i) = 3*i + 7. Let u(x) = p*c(x) - 4*r(x). Calculate u(-1).
-4
Let k be (-36)/21*(3*-3 + 2). Let w(o) = -4*o + 54. Let p be w(k). Let j(g) = -g**3 + 5*g**2 + 6*g + 3. Give j(p).
3
Let t = -232 - -259. Let p(i) = -t*i + 51*i + 2*i**2 - 2 - 18*i. Calculate p(-5).
18
Suppose -163 + 35 = -231*g + 1489. Let u(v) = -7*v + 40. What is u(g)?
-9
Suppose -115*m + 117*m - 18 = 0. Let r(w) = -m - 3*w + 8*w - 8*w + 2. What is r(-5)?
8
Let z(t) = t**2 - 2*t. Suppose 0 = 11*j - 5*j + 3*j. Calculate z(j).
0
Suppose 0 = -8*l + 1639 + 2721. Let n = 548 - l. Let d(y) = y - 2. Determine d(n).
1
Let j(t) = -10*t**2 + 88*t + 106. Let o(x) = -3*x**2 + 20*x. Let v(m) = j(m) - 3*o(m). Calculate v(31).
13
Let q(z) = -z**3 + 4*z**2 + 4*z + 3. Let a = 1994 + -1996. Determine q(a).
19
Let g(a) = -12*a - 10 + 3*a + a**2 - 9*a. Let k(j) = 204*j - j**2 + 199*j + 9 - 804*j + 219*j + 199*j. Let l(h) = 5*g(h) + 6*k(h). Calculate l(12).
4
Let j = -1169 - -1162. Suppose 3*z - 5*x - 8 = 0, -5*z - x + 13 = -19. Let o(v) = v**2 + 7*v - z + v - 4*v + 2*v. Calculate o(j).
1
Let k(f) = -f**2 - 60*f + 692. Let b be k(10). Let t(v) = -v**3 - 6*v**2 + 17*v - 4. Determine t(b).
-12
Let l(g) = g. Let i(a) = 2. Suppose -23 + 30 = -7*v. Let z(o) = v*i(o) + 6*l(o). Calculate z(3).
16
Let z(q) = 8 - 1 - 4 + 252*q - 254*q + 7. Determine z(0).
10
Let x = -253 - -276. Suppose -3*c = 4*d + 17, -4*c + x = -8*c - 5*d. Let l(f) = -f**3 - 6*f**2 + 5*f - 7. Determine l(c).
7
Let u(s) be the first derivative of -s**3/3 + 17*s**2/2 - 9*s + 1314. Determine u(18).
-27
Let k be (-3)/15 - (-13)/((-390)/1134). Let o be -2 + (36 - -2) - -1. Let m = k + o. Let b(j) = -7*j - 1. Calculate b(m).
6
Suppose -10*b + 6 = 26. Let k be (-9)/((-9)/(-48)*b*-4). Let f(p) = -p**2 - 14*p - 9. Let t(d) = d**2 + 13*d + 8. Let l(s) = 4*f(s) + 5*t(s). Give l(k).
-14
Let r(w) be the first derivative of -w**2/2 + w - 8. Let f(c) = 1. Let t(j) = -f(j) + 2*r(j). Determine t(4).
-7
Let p(m) = m**3 - 7*m**2 - 18*m - 3. Let v(t) = 11*t**3 - 2*t**2 - 5*t + 5. Let j be v(1). Calculate p(j).
-3
Let t(i) be the first derivative of -i**4/4 + 7*i**3/3 - i**2 - 3*i - 1. Suppose 45 + 761 = 26*s. Suppose -216 = -s*u - 5*u. Calculate t(u).
21
Let p(v) = v**3 + 66*v**2 - 3265*v - 58. Let w be p(33). Let g(y) be the third derivative of -y**4/8 + 17*y**3/6 - y**2. Determine g(w).
-7
Let y(g) = -g. Let r(q) = -34*q - 9. Let p(t) = 18*t + 4. Let o(f) = -11*p(f) - 6*r(f). Let z(v) = o(v) + 4*y(v). Give z(-7).
-4
Let d(f) be the first derivative of -f**4/12 + f**3/2 + 5*f**2 - 43*f + 145. Let w(l) be the first derivative of d